or of 477 and 106?
53
What is the highest common divisor of 357 and 663?
51
Calculate the highest common factor of 740 and 20.
20
Calculate the highest common divisor of 16 and 88.
8
Calculate the greatest common factor of 705 and 30.
15
Calculate the greatest common divisor of 5400 and 108.
108
What is the highest common factor of 905 and 10?
5
What is the highest common factor of 42 and 300?
6
What is the highest common factor of 5780 and 20?
20
Calculate the highest common factor of 5 and 77.
1
Calculate the greatest common factor of 212 and 53.
53
Calculate the highest common factor of 2412 and 2144.
268
Calculate the highest common divisor of 26 and 6136.
26
What is the highest common factor of 42 and 3388?
14
What is the highest common divisor of 4531 and 69?
23
What is the highest common divisor of 462 and 266?
14
What is the greatest common divisor of 2107 and 98?
49
Calculate the greatest common factor of 32 and 1024.
32
Calculate the greatest common factor of 170 and 90.
10
Calculate the greatest common divisor of 193 and 48443.
193
What is the highest common factor of 46 and 506?
46
What is the greatest common factor of 10517 and 208?
13
Calculate the greatest common factor of 30 and 3310.
10
Calculate the greatest common divisor of 51 and 6.
3
What is the highest common factor of 28 and 203?
7
What is the greatest common divisor of 10 and 13?
1
Calculate the highest common factor of 221 and 476.
17
Calculate the highest common factor of 462 and 1782.
66
What is the greatest common factor of 37 and 555?
37
What is the highest common divisor of 77 and 1043?
7
Calculate the highest common factor of 24 and 320.
8
Calculate the highest common factor of 33 and 517.
11
Calculate the highest common factor of 38 and 8.
2
What is the greatest common factor of 99 and 66?
33
What is the greatest common divisor of 12 and 92?
4
Calculate the highest common divisor of 24 and 54.
6
Calculate the highest common divisor of 2229 and 4.
1
Calculate the highest common divisor of 14 and 2954.
14
Calculate the greatest common factor of 952 and 6.
2
What is the greatest common divisor of 436 and 2?
2
Calculate the highest common factor of 65 and 1963.
13
Calculate the highest common divisor of 18 and 16.
2
What is the greatest common divisor of 26908 and 124?
124
What is the highest common factor of 200 and 13160?
40
What is the greatest common divisor of 1241 and 238?
17
Calculate the highest common factor of 24 and 453.
3
What is the highest common divisor of 1512 and 264?
24
Calculate the greatest common factor of 18568 and 88.
88
What is the greatest common factor of 172 and 6020?
172
Calculate the greatest common divisor of 23 and 667.
23
Calculate the greatest common divisor of 180 and 18.
18
What is the highest common factor of 172 and 946?
86
What is the greatest common divisor of 87 and 6293?
29
What is the highest common factor of 290 and 3422?
58
What is the greatest common factor of 20 and 220?
20
What is the greatest common divisor of 7267 and 117?
13
Calculate the greatest common factor of 10 and 25.
5
Calculate the highest common divisor of 1734 and 714.
102
Calculate the greatest common factor of 272 and 176.
16
What is the greatest common divisor of 67 and 1943?
67
What is the highest common divisor of 344 and 258?
86
Calculate the highest common divisor of 3712 and 580.
116
Calculate the greatest common divisor of 12 and 285.
3
Calculate the highest common divisor of 135 and 3456.
27
What is the greatest common divisor of 116 and 2262?
58
What is the greatest common factor of 192 and 568?
8
What is the highest common divisor of 48 and 168?
24
What is the greatest common divisor of 95 and 2375?
95
What is the greatest common divisor of 88 and 232?
8
Calculate the greatest common factor of 1781 and 13.
13
What is the highest common factor of 406 and 14?
14
Calculate the highest common factor of 56 and 24.
8
What is the highest common divisor of 3850 and 840?
70
Calculate the greatest common factor of 616 and 1925.
77
Calculate the highest common factor of 2980 and 60.
20
What is the highest common factor of 1968 and 144?
48
What is the highest common divisor of 130 and 4082?
26
What is the highest common factor of 14 and 7574?
14
What is the greatest common factor of 405 and 1845?
45
What is the highest common divisor of 112 and 992?
16
What is the greatest common factor of 999 and 27?
27
What is the highest common divisor of 18 and 17406?
18
What is the greatest common divisor of 33 and 1353?
33
What is the greatest common factor of 12 and 4?
4
What is the greatest common factor of 12 and 2670?
6
Calculate the greatest common divisor of 17200 and 600.
200
What is the greatest common factor of 165 and 1881?
33
What is the greatest common factor of 290 and 470?
10
What is the highest common divisor of 13 and 8?
1
Calculate the highest common divisor of 525 and 825.
75
What is the greatest common divisor of 12 and 324?
12
Calculate the greatest common divisor of 7448 and 304.
152
What is the highest common divisor of 42 and 21?
21
What is the greatest common factor of 1197 and 40299?
399
Calculate the greatest common factor of 209 and 19.
19
Calculate the greatest common factor of 13676 and 78.
26
What is the highest common factor of 52 and 60216?
52
Calculate the greatest common divisor of 19 and 893.
19
What is the greatest common factor of 4922 and 92?
46
What is the highest common factor of 434 and 62?
62
Calculate the highest common factor of 668 and 8.
4
Calculate the highest common factor of 27 and 27.
27
What is the highest common factor of 16 and 16?
16
Calculate the greatest common factor of 1536 and 48.
48
What is the greatest common divisor of 32 and 584?
8
What is the greatest common divisor of 9333 and 306?
153
What is the greatest common divisor of 65 and 7865?
65
Calculate the greatest common divisor of 35 and 170.
5
Calculate the highest common divisor of 29106 and 441.
441
What is the highest common divisor of 1024 and 64?
64
What is the greatest common factor of 8 and 32?
8
What is the highest common divisor of 49 and 539?
49
Calculate the greatest common divisor of 544 and 204.
68
What is the highest common divisor of 43 and 2623?
43
Calculate the highest common factor of 49 and 3283.
49
Calculate the highest common factor of 285 and 19.
19
What is the highest common divisor of 624 and 48?
48
What is the greatest common factor of 500 and 4?
4
Calculate the highest common factor of 7 and 1687.
7
What is the greatest common factor of 9016 and 294?
98
Calculate the highest common divisor of 3 and 375.
3
What is the greatest common factor of 13514 and 58?
58
Calculate the highest common divisor of 105 and 280.
35
Calculate the greatest common divisor of 19969 and 19.
19
What is the highest common divisor of 1856 and 87?
29
What is the highest common divisor of 832 and 10?
2
Calculate the greatest common factor of 140 and 1085.
35
What is the highest common factor of 16 and 2096?
16
What is the highest common divisor of 6 and 6333?
3
What is the highest common factor of 25 and 2725?
25
What is the greatest common factor of 285 and 75?
15
Calculate the greatest common factor of 183 and 41907.
183
What is the highest common factor of 1413 and 45?
9
Calculate the highest common divisor of 65 and 35.
5
What is the highest common divisor of 7 and 12?
1
What is the greatest common factor of 850 and 3650?
50
What is the greatest common factor of 12 and 42?
6
What is the greatest common divisor of 156 and 8684?
52
Calculate the highest common divisor of 200 and 80.
40
Calculate the greatest common divisor of 2652 and 3900.
156
What is the greatest common factor of 250 and 1600?
50
Calculate the greatest common factor of 18 and 288.
18
What is the highest common divisor of 20 and 9910?
10
Calculate the highest common factor of 8 and 98.
2
Calculate the greatest common divisor of 4370 and 570.
190
What is the highest common factor of 36 and 2601?
9
What is the greatest common factor of 40 and 1?
1
What is the greatest common factor of 8173 and 33?
11
What is the highest common divisor of 4 and 458?
2
Calculate the greatest common factor of 380 and 57.
19
What is the highest common divisor of 105 and 399?
21
Calculate the greatest c